{"id":320,"date":"2016-11-23T15:28:34","date_gmt":"2016-11-23T13:28:34","guid":{"rendered":"http:\/\/kg.serverma.de\/WordPress\/?page_id=320"},"modified":"2026-01-12T16:01:12","modified_gmt":"2026-01-12T14:01:12","slug":"coaching","status":"publish","type":"page","link":"https:\/\/kos11.server-abheyden-webhosting.de\/?page_id=320","title":{"rendered":"ZenYoga-Coaching"},"content":{"rendered":"\n<p>&nbsp;<\/p>\n\n\n\n<article id=\"post-662\" class=\"post-662 page type-page status-publish hentry\">\n<div class=\"entry-content\">\n<figure><a href=\"https:\/\/manipura.at\/wp-content\/uploads\/2016\/11\/Dieter_Coach.jpg\"><img loading=\"lazy\" decoding=\"async\" class=\"alignright wp-image-663\" src=\"https:\/\/manipura.at\/wp-content\/uploads\/2016\/11\/Dieter_Coach-540x1024.jpg\" sizes=\"auto, (max-width: 300px) 100vw, 300px\" srcset=\"https:\/\/manipura.at\/wp-content\/uploads\/2016\/11\/Dieter_Coach-540x1024.jpg 540x, https:\/\/manipura.at\/wp-content\/uploads\/2016\/11\/Dieter_Coach-158x300.jpg 158x, https:\/\/manipura.at\/wp-content\/uploads\/2016\/11\/Dieter_Coach-768x1457.jpg 768x\" alt=\"dieter_coach\" width=\"300\" height=\"569\"><\/a><\/figure><p>Herzlich Willkommen!<\/p>\n<p>Mein Coaching ist eine&nbsp;Begleitung in beruflichem oder privatem Kontext, im Kontext pers\u00f6nlichen Wachstums und spiritueller&nbsp;Entwicklung.<\/p>\n<p>Ich bin&nbsp;dabei ein Wegbegleiter auf einem St\u00fcck des Weges, erteile keine Ratschl\u00e4ge, sondern rege mit den Werkzeugen der Yogaphilosophie, des Buddhismus, aus der Meditation, aus der K\u00f6rper- und Atemarbeit des Yoga&nbsp;dazu an, selbst eine stimmige L\u00f6sung zu entwickeln.<\/p>\n<p>Coaching findet in Einzelsitzungen bei mir im <a href=\"https:\/\/manipura.at\">Manipurahof M\u00fcllendorf<\/a> statt, im Gespr\u00e4ch, aber u.U. auch auf der Yogamatte oder dem Meditationskissen &#8211; oder Online in einem Zoom-Meeting.<\/p>\n<p>Coaching ist somit eine Hilfe zur Selbsthilfe, eine Unterst\u00fctzung zur selbstverantwortlichen, pers\u00f6nlichen Weiterentwicklung.<\/p>\n<p>Dauer: 60 Minuten<\/p>\n<p>Kosten \u20ac 90.-<\/p>\n<p><a href=\"mailto: dieter@manipura.at?subject=ZenYoga-Coaching\">Termine nach Vereinbarung<\/a><\/p>\n<\/div>\n<\/article>\n","protected":false},"excerpt":{"rendered":"<p>&nbsp; Herzlich Willkommen! Mein Coaching ist eine&nbsp;Begleitung in beruflichem oder privatem Kontext, im Kontext pers\u00f6nlichen Wachstums und spiritueller&nbsp;Entwicklung. Ich bin&nbsp;dabei ein Wegbegleiter auf einem St\u00fcck des Weges, erteile keine Ratschl\u00e4ge, sondern rege mit den Werkzeugen der Yogaphilosophie, des Buddhismus, aus <a class=\"more-link\" href=\"https:\/\/kos11.server-abheyden-webhosting.de\/?page_id=320\">Weiterlesen\u00a0\u2026<\/a><\/p>\n","protected":false},"author":2,"featured_media":0,"parent":0,"menu_order":0,"comment_status":"closed","ping_status":"closed","template":"","meta":{"footnotes":""},"class_list":["post-320","page","type-page","status-publish","hentry"],"_links":{"self":[{"href":"https:\/\/kos11.server-abheyden-webhosting.de\/index.php?rest_route=\/wp\/v2\/pages\/320","targetHints":{"allow":["GET"]}}],"collection":[{"href":"https:\/\/kos11.server-abheyden-webhosting.de\/index.php?rest_route=\/wp\/v2\/pages"}],"about":[{"href":"https:\/\/kos11.server-abheyden-webhosting.de\/index.php?rest_route=\/wp\/v2\/types\/page"}],"author":[{"embeddable":true,"href":"https:\/\/kos11.server-abheyden-webhosting.de\/index.php?rest_route=\/wp\/v2\/users\/2"}],"replies":[{"embeddable":true,"href":"https:\/\/kos11.server-abheyden-webhosting.de\/index.php?rest_route=%2Fwp%2Fv2%2Fcomments&post=320"}],"version-history":[{"count":6,"href":"https:\/\/kos11.server-abheyden-webhosting.de\/index.php?rest_route=\/wp\/v2\/pages\/320\/revisions"}],"predecessor-version":[{"id":878,"href":"https:\/\/kos11.server-abheyden-webhosting.de\/index.php?rest_route=\/wp\/v2\/pages\/320\/revisions\/878"}],"wp:attachment":[{"href":"https:\/\/kos11.server-abheyden-webhosting.de\/index.php?rest_route=%2Fwp%2Fv2%2Fmedia&parent=320"}],"curies":[{"name":"wp","href":"https:\/\/api.w.org\/{rel}","templated":true}]}}